{"id":22,"date":"2015-02-07T15:38:22","date_gmt":"2015-02-07T13:38:22","guid":{"rendered":"http:\/\/www.juliakussius.de\/?page_id=22"},"modified":"2020-11-18T11:45:43","modified_gmt":"2020-11-18T09:45:43","slug":"seite-2-3","status":"publish","type":"page","link":"https:\/\/www.juliakussius.de\/?page_id=22","title":{"rendered":"REFERENZEN"},"content":{"rendered":"<p>tagesschau.de<br \/>\npixactly Medien GmbH<br \/>\nGruner und Jahr Wirtschaftsmedien (Impulse, CAPITAL, Business Punk, B\u00f6rse Online)<br \/>\nGesellschaft f\u00fcr Popularmusikforschung &#8211; ehemals ASPM (Arbeitskreis Studium Popul\u00e4re Musik e.V.)<br \/>\nArchivschule Marburg<br \/>\nLandesjugendorchester Hamburg<br \/>\nwordfinder PR<br \/>\nNeue Handelsakademie Deutschland<br \/>\nneue energie hamburg<br \/>\nTierberatungspraxis Birga Dexel<br \/>\nSpielstadt Hamburg XXL<br \/>\nplainpicture (Fotografie)<br \/>\nUni Osnabr\u00fcck \/ Musikwissenschaft<br \/>\nZEIT ONLINE<br \/>\nREAD Magazin<br \/>\nfrauenmusikzentrum Hamburg<br \/>\nfilia frauenstiftung<br \/>\nK+S Kommunikation und Sponsoring<br \/>\nMillhill Enterprises<br \/>\nEDGAR Medien<br \/>\nextracard Medien<br \/>\nInternational Fund for Animal Welfare (IFAW)<\/p>\n<p>&nbsp;<\/p>\n","protected":false},"excerpt":{"rendered":"<p>tagesschau.de pixactly Medien GmbH Gruner und Jahr Wirtschaftsmedien (Impulse, CAPITAL, Business Punk, B\u00f6rse Online) Gesellschaft f\u00fcr Popularmusikforschung &#8211; ehemals ASPM (Arbeitskreis Studium Popul\u00e4re Musik e.V.) Archivschule Marburg Landesjugendorchester Hamburg wordfinder PR Neue Handelsakademie Deutschland neue energie hamburg Tierberatungspraxis Birga Dexel Spielstadt Hamburg XXL plainpicture (Fotografie) Uni Osnabr\u00fcck \/ Musikwissenschaft ZEIT ONLINE READ Magazin frauenmusikzentrum Hamburg [&hellip;]<\/p>\n","protected":false},"author":1,"featured_media":0,"parent":0,"menu_order":20,"comment_status":"open","ping_status":"open","template":"","meta":{"footnotes":""},"class_list":["post-22","page","type-page","status-publish","hentry"],"_links":{"self":[{"href":"https:\/\/www.juliakussius.de\/index.php?rest_route=\/wp\/v2\/pages\/22","targetHints":{"allow":["GET"]}}],"collection":[{"href":"https:\/\/www.juliakussius.de\/index.php?rest_route=\/wp\/v2\/pages"}],"about":[{"href":"https:\/\/www.juliakussius.de\/index.php?rest_route=\/wp\/v2\/types\/page"}],"author":[{"embeddable":true,"href":"https:\/\/www.juliakussius.de\/index.php?rest_route=\/wp\/v2\/users\/1"}],"replies":[{"embeddable":true,"href":"https:\/\/www.juliakussius.de\/index.php?rest_route=%2Fwp%2Fv2%2Fcomments&post=22"}],"version-history":[{"count":5,"href":"https:\/\/www.juliakussius.de\/index.php?rest_route=\/wp\/v2\/pages\/22\/revisions"}],"predecessor-version":[{"id":301,"href":"https:\/\/www.juliakussius.de\/index.php?rest_route=\/wp\/v2\/pages\/22\/revisions\/301"}],"wp:attachment":[{"href":"https:\/\/www.juliakussius.de\/index.php?rest_route=%2Fwp%2Fv2%2Fmedia&parent=22"}],"curies":[{"name":"wp","href":"https:\/\/api.w.org\/{rel}","templated":true}]}}